-3*j**4/4 - j**2/2 - 268. Give s(-1).
4
Let g(j) = j**2 - 3*j. Suppose -4*r = 3*d - 21, 7 = 5*d - 8. Calculate g(r).
0
Let z(w) = -4*w - 2. Let i be 4/3 - (434/42 + -16). What is z(i)?
-30
Suppose -11*f + 5*b - 11 = -7*f, -2*f + 3*b - 5 = 0. Let z(c) = -c**3 - 6*c**2 - 4*c - 4. Determine z(f).
-20
Let x(u) = 614*u - 3 + 6 + u**2 - 608*u. Determine x(-5).
-2
Let y(c) = -6*c + 21. Suppose 2*k = 5*g - 5, -3*k + 4*k + g - 8 = 0. What is y(k)?
-9
Let t(s) = 8*s - 27. Let r be 2 - 0 - (-15)/15. Let q be t(r). Let l(y) = -3*y**2 - 4*y - 1. Determine l(q).
-16
Let v(l) = -20*l - 2. Let d(j) = -7*j - 1. Let q(r) = 17*d(r) - 6*v(r). Let m(a) = 15*a + 10. Let g be m(-4). Let t be (-3 - 1)*g/40. Determine q(t).
0
Let o(q) be the third derivative of q**5/60 - 2*q**3 + 4*q**2 - 48. What is o(0)?
-12
Suppose 0 = -2*j - 7 + 3. Let h(t) be the first derivative of -t**4/4 - t**3 - t**2/2 + 2*t - 12. Determine h(j).
0
Suppose 142*m - 16 = 140*m. Let t(c) = 3*c. What is t(m)?
24
Let y(d) = -15*d**2 + 1 - 18*d**2 + 3*d + 34*d**2 + 1. Give y(-4).
6
Let z(n) = -n**3 + 4*n**2. Suppose -4*k + 2*g + 10 = -2, 3*g - 17 = -k. Suppose -2*q + 13 = -k*x, 0*q - 3*x + 1 = q. Give z(q).
0
Suppose 24*l = 19*l + 5. Let a(z) = -z + 10 + l - 7. What is a(6)?
-2
Let j(v) = -6 - 99*v**3 + 304*v**3 - 5*v - 99*v**3 - 107*v**3 - 9*v**2. Calculate j(-8).
-30
Let b = -470 + 476. Let v(j) = -j**2 + 4*j. Give v(b).
-12
Let b(c) = 6*c + 3*c**2 + c**3 + 1 - 6*c + 6*c - 4*c. Determine b(-1).
1
Let m(d) = -5*d - 6*d**2 + 12*d**2 + 10 - 14*d**2 + 3*d**3. Let q(l) = 2*l**3 - 8*l**2 - 5*l + 10. Let t(k) = 3*m(k) - 4*q(k). Give t(-7).
4
Let b(s) = 26*s + 1. Let n be 180/156 - (-2)/(-13). Determine b(n).
27
Let c(f) = 0*f + 3*f - 7*f. Suppose -2*x - 8 = -x + 5*s, 4*s = -x - 6. Calculate c(x).
-8
Suppose 0 = -0*t + t + 4. Let x be (8 - 13)/(-1 - (-2)/4). Let i be x*t*(-2)/16. Let u(h) = h**3 - 6*h**2 + 6*h + 2. Determine u(i).
7
Suppose 0 = -0*h - 4*h - 8. Let t be h - (-7 + -2)*1. Let n(r) be the first derivative of -r**2/2 + 8*r + 3. What is n(t)?
1
Suppose 0 = 3*b + 5*b. Suppose b*c = -c + 2. Let u(k) = -2*k**2 + 4*k - 2. Determine u(c).
-2
Let s = 15 + -13. Let r(b) = -3*b - 4 + s*b + 6. Suppose -4*x = -20*x + 80. Give r(x).
-3
Let s(x) be the third derivative of 0 + 0*x - 1/24*x**4 + 17*x**2 - 1/3*x**3. Give s(4).
-6
Let h(u) = -u**2 - 13*u - 33. Let j(d) = -8*d + 144. Let z be j(19). Determine h(z).
7
Let i(d) be the first derivative of d**3/3 - 5*d + 39. Calculate i(4).
11
Let m(s) = 3*s**3 - 10*s**2 - 6*s + 2. Let v(p) = 2*p**2 + 2*p. Let u(f) = m(f) + 4*v(f). Calculate u(2).
22
Suppose 0 = -3*h - 3, 5*b + 5*h - 9 = 4*h. Let p(c) be the third derivative of 0*c + 0 - 1/6*c**3 + 1/12*c**4 + 2*c**2. What is p(b)?
3
Let q(o) be the first derivative of -o**7/840 - o**6/72 + o**5/15 + o**4/6 - 5*o**3 - 13. Let a(h) be the third derivative of q(h). Give a(-6).
-8
Let u(o) = -8*o. Let g(w) = -w**3 + 2. Let h be g(0). Suppose m + 24 = -2*n - 2*n, h*n + 18 = -2*m. Let j(p) = 9*p. Let x(v) = n*j(v) - 6*u(v). Determine x(-1).
-3
Let u(l) = -l**3 - 8*l**2 + 8*l - 5. Let c be u(-9). Let t(x) = x**2 + 6*x - 3 + x**3 - x - c*x + 4*x**2. Determine t(-3).
12
Let u(n) be the second derivative of n**7/2520 + n**6/720 + 7*n**5/120 + 29*n**4/12 - 26*n. Let v(g) be the third derivative of u(g). Calculate v(0).
7
Let d(y) be the first derivative of 12*y - 32 - 1/3*y**3 + 0*y**2. What is d(0)?
12
Let n(j) = -j**3 + j**2 - 2*j. Let m(k) = 2*k**2 - 3*k - 29 + 29. Let i be m(2). What is n(i)?
-8
Let i(u) be the first derivative of 11*u**3/3 + 549. Calculate i(1).
11
Suppose -s - 2*s - 66 = 0. Let y be (-4)/(-8) - s/(-4). Let w(a) = 0*a - a**2 - a**3 - 3 - 4*a**2 + a. Determine w(y).
-8
Let h(p) = 3*p + 9. Suppose 15 = 466*b - 469*b. What is h(b)?
-6
Let s be 1484/(-84) - (-5)/3. Let q(r) = r + 17. What is q(s)?
1
Let b(j) = j**2 + j + 1. Let m be b(1). Let q(u) = u**2 + u - 3. Determine q(m).
9
Let i be -3*(-1 + 2) + 6. Let p(j) be the second derivative of -j**4/12 + j**3/3 + 3*j**2/2 - 7*j - 1. Give p(i).
0
Let g(x) = 15*x**2 - 7*x - 7. Let z be g(-1). Let f(w) = -4*w + 25. Give f(z).
-35
Let f(a) be the third derivative of a**5/60 + a**4/6 - 2*a**3/3 - 218*a**2 - a. Determine f(-7).
17
Let v(f) be the first derivative of -f**4/4 - 2*f**3 - 2*f**2 - 3*f + 122. Give v(-3).
-18
Let j be (22 + 2561/(-117))/((-4)/(-18)). Let s(o) be the second derivative of -o**3 + 0 + j*o**2 + 9*o. What is s(-1)?
7
Let m(f) be the first derivative of -2*f**3/3 - 6*f**2 - 3*f - 157. Calculate m(-6).
-3
Let r be ((-3)/1 + 1)/2*-2. Suppose -5*l = -3*g - 0*l + 27, -r*l + 10 = 4*g. Let b(u) = -6*u + 2. Calculate b(g).
-22
Let b(p) = 635*p - 21 - 6 + 633*p - 1269*p. Calculate b(0).
-27
Let q(l) = -2*l + 30. Let u be q(18). Let m(j) = -j**2 - 9*j - 8. Determine m(u).
10
Let n(h) = -2 - h - 34 + 27. Determine n(-7).
-2
Let v(t) = t**2 + 3*t + 5. Let h be 2/(-4) + 22/(-4) + 3. Let f(m) = 2*m**2 + 5*m + 10. Let u(g) = h*f(g) + 5*v(g). Give u(0).
-5
Let u(y) be the first derivative of y**3/3 + 5*y**2/2 + 9*y + 41. What is u(-4)?
5
Let m(o) = 8*o**2 + 5*o + 18*o + 14 + o**2 + o**3 - 32*o. What is m(-10)?
4
Let v(s) = -s**3 - s**2 - 1. Let n = 14 + 0. Suppose 0 = -2*f + 2*z - 12, -4 = 3*f - 2*z + n. Let l = 4 + f. What is v(l)?
3
Let h(b) = -b + 7. Let r = -138 - -123. Let j be 3 - (r/(-10))/(3/(-8)). What is h(j)?
0
Let n(q) = -q**3 + 83 - 73 - q + 2*q**2 - q**2. What is n(0)?
10
Let b(r) = -3 - 6*r - 4*r - 7*r + 19*r. Let f(w) = -w + 1. Let q(t) = 4*b(t) + 10*f(t). Determine q(3).
-8
Let l(v) = 2*v**2 + 4*v - 1. Let h(u) = -4*u**2 + 92*u - 93. Let w be h(22). Calculate l(w).
29
Let u(a) = 15*a - 44*a + 8*a + 15*a. Determine u(1).
-6
Let k(u) = 15 + 15 - u**2 - 42 + 15 - 4*u. Give k(2).
-9
Let b be (-10)/(-8) - 84/168 - 2/(-8). Let h(u) be the second derivative of 7*u**5/20 - u**4/6 + u**2/2 + u. Calculate h(b).
6
Let d(b) = b**3 + 6*b**2 - b - 1. Suppose 0 = x + 3*x + 32. Let o(y) = -2*y**2 - 16*y + 2. Let q be o(x). Suppose q*a = -0 - 12. What is d(a)?
5
Suppose 4*v = 8*v + 20. Let o(k) be the second derivative of k**5/20 + 5*k**4/12 + k**3/3 + 38*k. Give o(v).
-10
Let n(o) = o**2 + 5*o - 9. Suppose 0 = 12*v - 2186 + 2270. Determine n(v).
5
Suppose -580 = -w + 1420. Let p(y) = 0 - 1995*y + w*y + 4 + y**2. Let o(g) = -5*g + 1. Let s be o(1). What is p(s)?
0
Let i(a) = -17*a. Let n(g) = 4*g**2 + 2*g. Let t be n(-1). Suppose -f + 15 = t*f. Suppose -4 = f*j - 9. Calculate i(j).
-17
Let t be ((-3)/5)/(5/(-25)). Suppose -3*s = -2*s - 7. Let l(u) = -u + t + 3 + 3 - s. Give l(5).
-3
Let c(d) = -9 + 6*d - 25*d**2 + 68*d**2 - d**3 - 37*d**2. What is c(7)?
-16
Let z(m) = -141*m**2 + 255*m + 249. Let v(b) = -17*b**2 + 32*b + 31. Let l(c) = -33*v(c) + 4*z(c). What is l(-11)?
6
Let b(z) = 2*z**2 + 2*z - 40. Let q be b(4). Let r(w) = -2*w**2 - 2*w - 16. Determine r(q).
-16
Let p(x) = -x**3 - 38*x**2 + 4 - x + 42*x**2 + 2*x**3 + 0*x**3 - 3. Determine p(-4).
5
Let g(w) = w**3 + 8*w**2 + 2. Suppose a + 4 + 2 = 0. Let t = -4 - a. Suppose -2*c = -0*s - t*s + 12, -3*c - 20 = -2*s. Give g(c).
2
Let v be (2 - 2) + 9 + -5. Let u(y) = y**3 - 3*y**2 + 3*y. Determine u(v).
28
Let u(r) be the third derivative of 0*r - 4*r**2 + 0 + 5/24*r**4 - 1/3*r**3 - 1/30*r**5. What is u(3)?
-5
Let r(f) = f**2 + 3*f + 6. Let s be r(-2). Let h be -1 + 0 + s + 0/5. Let q(m) = -3*m - 3. Give q(h).
-12
Let d(k) = -k**3 + 17*k**2 - 15*k - 19. Suppose -6*l + 704 = 38*l. Give d(l).
-3
Let h(l) be the third derivative of -5*l**4/12 - 11*l**2. Suppose 10 = 10*t - 0*t. What is h(t)?
-10
Let b(t) = -t - 1. Let f(h) = -h**2 - 11*h - 7. Let w(i) = 6*b(i) - f(i). Suppose 5 - 1 = -2*c, -c + 110 = 4*m. Suppose 2 + m = -5*p. Give w(p).
7
Let s(a) = -4*a**2 + 19*a + 7. Let u(f) = f**2 - 5*f - 2. Let r(n) = 2*s(n) + 9*u(n). Suppose 18*x = -y + 17*x + 5, -4*y = 2*x - 24. What is r(y)?
-4
Let p(h) = 47*h - 1. Let i = -356 + 357. What is p(i)?
46
Let f be 2/(-5) + (146/(-10) - -14). Let s(b) = 14*b**2. Calculate s(f).
14
Let q(n) = -n + 20. Let b be q(12). Suppose 24 = -b*s + 12*s. Let t(h) = 8*h + 5*h**2 - 5*h - h**3 - 6 + 5*h. What is t(s)?
6
Let v(t) = -t**3 + 7*t**2 + 10*t - 12. Let h be v(8). Let p(j) = 20*j**2 - 6 - h*j - 34*j**2 + 15*j**2. Give p(5).
-1
Let u(w) = w + 6. Let j(i) = -1. Let o(v) = -1